site number?
True
Is (-12*(-15)/180)/((-3)/(-84963)) a prime number?
False
Let v = 4581 - 2538. Let s be v - -1 - (-2)/(-1). Let k = 7075 - s. Is k prime?
False
Suppose -120*y + 1144635 = -1289085. Is y prime?
False
Suppose 75*o + 159*o = 5414058. Is o a composite number?
True
Suppose 5*d = -4*u + 231, 10*d - 8*d = u + 95. Suppose d*v = 35*v + 58596. Is v a prime number?
False
Let j(o) = 6*o**2 - 5 + 0*o**2 + o**2 - 6*o**2 + 21*o. Is j(17) a prime number?
True
Is (-42518015)/(-973) - (-2 + 20/7) composite?
True
Let c = -1904 - -4201. Suppose a + c = 2*y - 0*y, 3*y - 3444 = a. Is y a composite number?
True
Let z(p) = -p**3 - 74*p**2 + 220*p - 165. Is z(-80) prime?
False
Let b(n) = n**3 + 9*n**2 - 10*n - 5. Let r be b(-5). Suppose -r = -4*w + 1371. Is w prime?
True
Let d be (-14)/(-5*14/35). Is 59940/d + (-3)/63*-3 a prime number?
True
Let j(h) be the first derivative of h**2/2 + 42*h + 1. Let r be j(-18). Is (-1 - (-2686)/4)*r/36 a composite number?
True
Let o be (-1 + -14)*1*(-4)/5. Let g(t) = 0*t - o*t + 7*t**3 + 5*t**2 + 4*t + 1. Is g(3) composite?
False
Let l(u) = -11*u - 92. Let r be l(-9). Is (-4027 - r)/((-4)/2) a composite number?
False
Suppose 503 - 55 = 4*q. Let w = q - -256. Suppose 4*c + 77 = u, 5*c - w = -4*u + c. Is u a prime number?
True
Suppose g + 3*u = 1059, 0 = 5*g - 2*u - 1571 - 3690. Suppose 0 = -h + 5*a + 4687 - g, h - 3649 = 2*a. Is h a prime number?
True
Let q = 47 + -44. Suppose -3328 = -q*t + 1355. Suppose t = 6*a + a. Is a composite?
False
Suppose -2*o = -4*t + 14534, -3*o + 12 = -7*o. Suppose 295*c = 318*c - 29969. Suppose -5*l + c = 2*m - t, 0 = 4*m + 20. Is l a composite number?
True
Suppose k + 96*k = -17*k + 30079014. Is k composite?
True
Let c be 202464/11 - 28/(-154). Suppose -5*w = -2*x + c, 5*w - 4*w = 3*x - 27609. Is x prime?
True
Suppose 0 = -12*m + 2*m + 16050. Let t = m - 208. Is t a prime number?
False
Let i(s) = 937*s**3 - 87*s**2 + 43*s + 54. Is i(7) a prime number?
True
Suppose 6*q + 140676 - 495102 = 0. Is q composite?
True
Let i = -16492 + 22055. Is i a composite number?
False
Let q(x) = 152*x**2 + 11*x + 12. Let g be q(-8). Suppose -3*z = 19*z + 145750. Let s = g + z. Is s a composite number?
True
Let p be -6 - (-10908 - (-5 + 1)). Let k = 24315 + p. Is k a prime number?
False
Let q = -4628 - -15235. Is q composite?
False
Let n be ((-30)/40)/((-2)/24). Suppose -n*p - 54412 = -238507. Is p prime?
False
Let j(g) = -15*g - 7. Let z(y) be the third derivative of 2*y**4/3 + 4*y**3/3 - 14*y**2. Let d(r) = 5*j(r) + 4*z(r). Is d(-8) composite?
True
Let p(b) = 185457*b - 419. Is p(6) composite?
False
Let o(v) be the third derivative of -47*v**4/24 - 7*v**3/6 - 23*v**2. Let f be o(-13). Let s = -287 + f. Is s composite?
False
Let s = -11509 + 36000. Is s a prime number?
False
Let g(o) = 128*o**2 - 434*o - 7. Is g(-32) prime?
False
Suppose -9*m + 50 = 5. Suppose 9533 = m*l - n, 2*n + n = 2*l - 3808. Is l prime?
True
Is 117659 + -1 - 0/4 - (-2 + 1) prime?
True
Suppose 4*n = -4*l + 12, 2*n = n + 4*l - 2. Let q(x) = x**2 + 2*x - 1. Let b be q(n). Suppose -2*j - 3845 = -b*j. Is j prime?
True
Suppose m - 41947 = 4*z, -23*m + 5*z = -19*m - 167821. Is m a composite number?
False
Suppose 19*q - 3*p = 18*q + 708418, -5*p = -2*q + 1416831. Is q prime?
True
Suppose -23*o + 17*o + 131376 = 0. Let w = 30709 - o. Is w prime?
False
Let t = 276 + -276. Suppose 3*g + 12 = 0, 3*p + t*g + 3*g = 1545. Is p composite?
True
Suppose -x - 4*g - 9 = -8*g, -5*g + 14 = -x. Suppose n + 3*w - 13957 = 0, 8*w - x*w + 55846 = 4*n. Is n a prime number?
True
Let d(f) = -f**2 + 27*f + 31. Let i be d(28). Is (-9)/i*87374/(-42) a prime number?
False
Let k = -23203 - -13586. Let d = k + 14894. Is d prime?
False
Suppose -3999696 = -75*l + 5046729. Is l a prime number?
True
Let p be (-48)/(-80) + 3/(-5). Suppose -s + 0*s - 2 = p. Is s*((-606)/4 + 0) composite?
True
Suppose 23380 = 3*r + 4*r. Suppose -q + 680 = 2*i, 0 = 6*q - 11*q + 2*i + r. Suppose m = 3*m - 4*n - q, 1334 = 4*m - 5*n. Is m a prime number?
True
Let o(y) be the first derivative of -19*y**5/10 + 3*y**4/8 - 7*y**3/3 + 43. Let a(q) be the third derivative of o(q). Is a(-4) prime?
False
Suppose -i + 0*i + 2613 = 0. Let o = i + -1336. Is o a prime number?
True
Let s be (1697/(-5))/(-1) + 18/(-45). Suppose 0 = 4*m - s - 873. Suppose m = 10*v - 207. Is v prime?
False
Let g be -4*(-2)/(-12) - 2968/(-6). Suppose -3*m = -547 - g. Is m a prime number?
True
Suppose 5*j - 29 = 2*n, j - 4*n - 3 = 2*j. Suppose j*t + y - 5040 = 0, 4*t - 5025 = -t - 4*y. Is t a composite number?
False
Let c be 0*(-8 + 6 + 1). Suppose 3*l + 3*m + 36237 = 133698, c = -3*m - 6. Is l a prime number?
False
Suppose -8 - 1 = -3*z. Let q be (-8)/(-28) + (4 - 120/28). Suppose 4*y = z*j + 2522, q = -2*j - 2 - 2. Is y prime?
False
Suppose 18647*v = 18618*v + 5101361. Is v composite?
False
Let n be 11860/11 - -1*(-2)/11. Is (-1)/2 - n/(-4) a prime number?
True
Is 32113*2/16*8 a composite number?
True
Suppose 5*f + 72869 - 3646 = -2*t, 4*f - 5*t + 55352 = 0. Let d = f + 5224. Is d/(-18) - 4/(-24) a composite number?
False
Suppose 480311 = 17*i - 439746. Is i a prime number?
True
Let g = 712 - -140. Let t(k) = -1 + 14 - 823*k**2 + g*k**2 + 12*k. Is t(-12) a prime number?
False
Suppose -79*h + 1997639 = -72*h. Is h a prime number?
True
Let i = -1640 - -18106. Is i prime?
False
Let i(h) = -h - 2. Let o(l) = 128*l + 79. Let q(p) = -6*i(p) - o(p). Is q(-18) a prime number?
True
Suppose -w - 42 = f + 2*w, 2*w = -2*f - 88. Is (-9141)/f - (-10)/(-75) a prime number?
False
Let t(x) = -824*x - 115. Let b(q) = 8*q - 20. Let s be b(2). Is t(s) composite?
False
Let a(r) = 195*r**2 + 8*r - 804. Is a(23) composite?
True
Let y = 85 + -55. Suppose 2*z + 12 = y. Is (-2108)/(-10) + z/45 a composite number?
False
Let u be (40 - (6 - 1)) + -5. Is (-2)/(u/(-5)) - (-7132)/6 a composite number?
True
Suppose 0 = -3*v - 5*z + 633441, -3*z + 0*z = -2*z. Is v a prime number?
False
Suppose -1 = -4*g - 4*r - 13, 0 = 4*g - 5*r - 24. Let y be -2 + g + -4 + 5. Suppose 2*t = -4*x + 322, y*t - t - 4*x + 165 = 0. Is t composite?
False
Let k = 127767 - 28930. Is k a composite number?
False
Suppose -12*w + 513360 + 812625 + 1294299 = 0. Is w prime?
True
Let l(y) = y**3 + 180*y**2 - 99*y + 97. Is l(-44) prime?
True
Suppose 188 = -2*r - 6. Let c = 91 + r. Let o(s) = -s**3 - 5*s**2 + s - 7. Is o(c) a prime number?
True
Suppose -4*q - v - 77964 + 222539 = 0, 144595 = 4*q - 3*v. Is q composite?
True
Let a be 422*4/((-40)/(-185)). Suppose -6*t - 8393 - a = 0. Let q = -1077 - t. Is q a prime number?
False
Let x = 250 + 214. Let s = -311 - -100. Let r = x + s. Is r a composite number?
True
Let w be (12/(-3) - 4)*(-9)/(-12). Let t be 0 - (w/2 - 1). Suppose 4*i - p - 1163 = 0, 0 = 5*i + t*p - 441 - 1018. Is i composite?
True
Let v(s) be the second derivative of 347*s**4/12 + 25*s**3/6 - 161*s**2/2 - s + 3. Is v(6) a composite number?
True
Let g = -23302 + 39603. Is g a prime number?
True
Suppose -5*z - 2300 = -2*w - 2*z, -5*z = 3*w - 3431. Is 8/(-6) - w/(-3) a prime number?
False
Is (-1)/(2/6) + 36750 + 134 a prime number?
False
Suppose -5*x = 0, 4*s + 5*x = 2*s + 10. Let y be -195 - s/(-15)*0. Is 14/(-1 + y/(-185)) prime?
False
Suppose -v + 3545 = -14211. Suppose 5*o + 4*q = 44403, -14*o + q = -12*o - v. Is o composite?
True
Let i(d) be the first derivative of -9 - 5/2*d**2 + 9*d + 5*d**3. Is i(10) a composite number?
False
Suppose -3*i + d = -16, -5*i + 22 = -d - 6. Let a be 84/15 + i/(-10). Suppose 4*t + a*l - 1309 = 0, 4*t - 6*l - 1259 = -l. Is t a prime number?
False
Suppose -1 + 2 = b. Let j = 292 + -278. Is 34573/j + b/(-2) composite?
True
Let w = -194 + 248. Is -34*(-3639)/w - (-2)/(-9) prime?
False
Suppose 12141591 = 19*m + 9725503 - 23111875. Is m composite?
True
Let u(d) = 251843*d**2 + 355*d + 355. Is u(-1) a composite number?
False
Let j = -38 + 56. Suppose -b - 5*v = 35 - 7, j = -b - 3*v. Let d(n) = -16*n + 3. Is d(b) composite?
True
Is (-837546)/(-8) - ((-22)/(-110))/(8/10) a prime number?
True
Let q(u) = u**3 + 5*u**2 - 2*u - 4. Let h be q(-5). Suppose 0 = h*b - 10*b - 184. Let l = b + 139. Is l a prime number?
False
Suppose 1279281 + 340402 = 13*y. Is y a composite number?
True
Let d(c) be the second derivative of -2*c**3/3 + 11*c**2 + 154*c + 2. Suppose 